{"id":167,"date":"2022-09-01T10:19:28","date_gmt":"2022-09-01T10:19:28","guid":{"rendered":"https:\/\/lux-blanuri.md\/?post_type=product&#038;p=167"},"modified":"2025-10-26T16:10:10","modified_gmt":"2025-10-26T16:10:10","slug":"%d0%bf%d1%80%d0%be%d0%b4%d0%b0%d0%b6%d0%b0-%d0%bb%d1%8e%d0%ba%d1%81%d0%be%d0%b2%d1%8b%d1%85-%d1%88%d1%83%d0%b1-%d0%b2-%d0%ba%d0%b8%d1%88%d0%b8%d0%bd%d0%b5%d0%b2%d0%b5-5","status":"publish","type":"product","link":"https:\/\/lux-blanuri.md\/?product=%d0%bf%d1%80%d0%be%d0%b4%d0%b0%d0%b6%d0%b0-%d0%bb%d1%8e%d0%ba%d1%81%d0%be%d0%b2%d1%8b%d1%85-%d1%88%d1%83%d0%b1-%d0%b2-%d0%ba%d0%b8%d1%88%d0%b8%d0%bd%d0%b5%d0%b2%d0%b5-5","title":{"rendered":"\u041f\u0440\u043e\u0434\u0430\u0436\u0430 \u043b\u044e\u043a\u0441\u043e\u0432\u044b\u0445 \u0448\u0443\u0431 \u0432 \u041a\u0438\u0448\u0438\u043d\u0435\u0432\u0435."},"content":{"rendered":"<p><img fetchpriority=\"high\" decoding=\"async\" class=\"alignnone size-medium wp-image-63\" src=\"https:\/\/lux-blanuri.md\/wp-content\/uploads\/2022\/02\/IMG-6c13cd1f96031c1e57b01df297bd623d-V-225x300.jpg\" alt=\"\" width=\"225\" height=\"300\" srcset=\"https:\/\/lux-blanuri.md\/wp-content\/uploads\/2022\/02\/IMG-6c13cd1f96031c1e57b01df297bd623d-V-225x300.jpg 225w, https:\/\/lux-blanuri.md\/wp-content\/uploads\/2022\/02\/IMG-6c13cd1f96031c1e57b01df297bd623d-V-600x800.jpg 600w, https:\/\/lux-blanuri.md\/wp-content\/uploads\/2022\/02\/IMG-6c13cd1f96031c1e57b01df297bd623d-V-768x1024.jpg 768w, https:\/\/lux-blanuri.md\/wp-content\/uploads\/2022\/02\/IMG-6c13cd1f96031c1e57b01df297bd623d-V-jpg.webp 960w\" sizes=\"(max-width: 225px) 100vw, 225px\" \/><\/p>\n<h2 data-start=\"213\" data-end=\"228\">\ud83c\uddf7\ud83c\uddfa \u0420\u0443\u0441\u0441\u043a\u0438\u0439<\/h2>\n<blockquote data-start=\"230\" data-end=\"784\">\n<p data-start=\"232\" data-end=\"384\">\u0412 <strong data-start=\"234\" data-end=\"246\">\u041a\u0438\u0448\u0438\u043d\u0451\u0432\u0435<\/strong> \u0412\u044b \u043c\u043e\u0436\u0435\u0442\u0435 \u043f\u0440\u0438\u043e\u0431\u0440\u0435\u0441\u0442\u0438 \u043b\u044e\u0431\u0443\u044e \u043d\u043e\u0440\u043a\u043e\u0432\u0443\u044e \u0448\u0443\u0431\u0443, \u043a\u043e\u0442\u043e\u0440\u0443\u044e \u0432\u0438\u0434\u0438\u0442\u0435 \u043d\u0430 \u043d\u0430\u0448\u0435\u043c \u0441\u0430\u0439\u0442\u0435. \u0412\u044b\u0431\u0438\u0440\u0430\u0439\u0442\u0435 \u0442\u043e, \u0447\u0442\u043e \u0434\u0435\u0439\u0441\u0442\u0432\u0438\u0442\u0435\u043b\u044c\u043d\u043e \u043d\u0440\u0430\u0432\u0438\u0442\u0441\u044f \u2014 \u0438 \u043e\u043d\u0430 \u0441\u0442\u0430\u043d\u0435\u0442 \u0432\u0430\u0448\u0435\u0439!<\/p>\n<p data-start=\"390\" data-end=\"532\">\u0428\u0443\u0431\u0430 \u0432\u0430\u0448\u0435\u0439 \u043c\u0435\u0447\u0442\u044b \u0431\u0443\u0434\u0435\u0442 \u043f\u043e\u0448\u0438\u0442\u0430 <strong data-start=\"420\" data-end=\"441\">\u043f\u043e \u0432\u0430\u0448\u0438\u043c \u0440\u0430\u0437\u043c\u0435\u0440\u0430\u043c<\/strong> \u043b\u0443\u0447\u0448\u0438\u043c\u0438 \u043c\u0430\u0441\u0442\u0435\u0440\u0430\u043c\u0438 \u043d\u0430 \u043e\u0434\u043d\u043e\u0439 \u0438\u0437 <strong data-start=\"472\" data-end=\"495\">\u0432\u0435\u0434\u0443\u0449\u0438\u0445 \u0444\u0430\u0431\u0440\u0438\u043a \u043c\u0438\u0440\u0430<\/strong>, \u0438\u0437 <strong data-start=\"500\" data-end=\"529\">\u0441\u0430\u043c\u043e\u0433\u043e \u043a\u0430\u0447\u0435\u0441\u0442\u0432\u0435\u043d\u043d\u043e\u0433\u043e \u043c\u0435\u0445\u0430<\/strong>.<\/p>\n<p data-start=\"538\" data-end=\"709\">\u042d\u0442\u043e \u0448\u0443\u0431\u0430, \u043a\u043e\u0442\u043e\u0440\u043e\u0439 \u0432\u044b \u0431\u0443\u0434\u0435\u0442\u0435 \u0433\u043e\u0440\u0434\u0438\u0442\u044c\u0441\u044f <strong data-start=\"576\" data-end=\"593\">\u0434\u0435\u0441\u044f\u0442\u0438\u043b\u0435\u0442\u0438\u044f\u043c\u0438<\/strong>. \u0422\u0435 \u0436\u0435 \u043c\u0430\u0441\u0442\u0435\u0440\u0430, \u043a\u043e\u0442\u043e\u0440\u044b\u0435 \u0441\u043e\u0437\u0434\u0430\u044e\u0442 \u0448\u0443\u0431\u044b \u0434\u043b\u044f \u043c\u0438\u0440\u043e\u0432\u044b\u0445 \u0437\u0432\u0451\u0437\u0434, \u0436\u0435\u043d \u043e\u043b\u0438\u0433\u0430\u0440\u0445\u043e\u0432 \u0438 \u0438\u0437\u0432\u0435\u0441\u0442\u043d\u044b\u0445 \u043f\u043e\u043b\u0438\u0442\u0438\u043a\u043e\u0432, \u0441\u043e\u0442\u0432\u043e\u0440\u044f\u0442 \u0435\u0451 \u0434\u043b\u044f \u0432\u0430\u0441.<\/p>\n<p data-start=\"715\" data-end=\"784\">\u0421\u0435\u0433\u043e\u0434\u043d\u044f \u0442\u0430\u043a\u0430\u044f \u0440\u043e\u0441\u043a\u043e\u0448\u044c \u0434\u043e\u0441\u0442\u0443\u043f\u043d\u0430 \u0438 \u0432\u0430\u043c. \u0421\u0434\u0435\u043b\u0430\u0439\u0442\u0435 \u0448\u0430\u0433 \u043d\u0430\u0432\u0441\u0442\u0440\u0435\u0447\u0443 \u043c\u0435\u0447\u0442\u0435.<\/p>\n<\/blockquote>\n<hr data-start=\"786\" data-end=\"789\" \/>\n<h2 data-start=\"791\" data-end=\"805\">\ud83c\uddf7\ud83c\uddf4 Rom\u00e2n\u0103<\/h2>\n<blockquote data-start=\"807\" data-end=\"1450\">\n<p data-start=\"809\" data-end=\"973\">\u00cen <strong data-start=\"812\" data-end=\"824\">Chi\u0219in\u0103u<\/strong>, pute\u021bi achizi\u021biona orice hain\u0103 de blan\u0103 de nurc\u0103 pe care o vede\u021bi pe site-ul nostru. Alege\u021bi ceea ce v\u0103 place cu adev\u0103rat \u0219i ea va deveni a dvs.!<\/p>\n<p data-start=\"979\" data-end=\"1163\">Haina visurilor dvs. va fi realizat\u0103 <strong data-start=\"1016\" data-end=\"1038\">dup\u0103 m\u0103surile dvs.<\/strong>, de c\u0103tre cei mai buni mae\u0219tri, la una dintre <strong data-start=\"1085\" data-end=\"1123\">cele mai renumite fabrici din lume<\/strong>, din <strong data-start=\"1129\" data-end=\"1160\">cea mai fin\u0103 blan\u0103 de nurc\u0103<\/strong>.<\/p>\n<p data-start=\"1169\" data-end=\"1360\">Este o hain\u0103 de care v\u0103 ve\u021bi m\u00e2ndri <strong data-start=\"1205\" data-end=\"1224\">decenii \u00eentregi<\/strong>. Aceia\u0219i mae\u0219tri care creeaz\u0103 haine pentru vedete interna\u021bionale, so\u021bii oligarhilor \u0219i mari politicieni, o vor realiza \u0219i pentru dvs.<\/p>\n<p data-start=\"1366\" data-end=\"1450\">Ast\u0103zi, un asemenea lux este accesibil \u0219i pentru dvs. Face\u021bi pasul spre visul dvs.<\/p>\n<\/blockquote>\n<hr data-start=\"1452\" data-end=\"1455\" \/>\n<h2 data-start=\"1457\" data-end=\"1472\">\ud83c\uddec\ud83c\udde7 English<\/h2>\n<blockquote data-start=\"1474\" data-end=\"2080\">\n<p data-start=\"1476\" data-end=\"1622\">In <strong data-start=\"1479\" data-end=\"1491\">Chi\u0219in\u0103u<\/strong>, you can purchase any mink fur coat you see on our website. Choose the one that truly captivates you \u2014 and it will become yours!<\/p>\n<p data-start=\"1628\" data-end=\"1814\">The coat of your dreams will be tailored <strong data-start=\"1669\" data-end=\"1699\">to your exact measurements<\/strong> by the <strong data-start=\"1707\" data-end=\"1734\">world\u2019s finest artisans<\/strong>, at one of the <strong data-start=\"1750\" data-end=\"1771\">leading factories<\/strong>, using <strong data-start=\"1779\" data-end=\"1811\">the highest-quality mink fur<\/strong>.<\/p>\n<p data-start=\"1820\" data-end=\"2000\">This is a coat you will be proud of for <strong data-start=\"1860\" data-end=\"1871\">decades<\/strong>. The same masters who craft coats for international stars, the wives of oligarchs, and top politicians will create it for you.<\/p>\n<p data-start=\"2006\" data-end=\"2080\">Today, such luxury is available to you. Take the step toward your dream.<\/p>\n<\/blockquote>\n","protected":false},"excerpt":{"rendered":"[caption id=\"attachment_165\" align=\"alignnone\" width=\"225\"]<img decoding=\"async\" class=\"size-medium wp-image-165\" src=\"https:\/\/lux-blanuri.md\/wp-content\/uploads\/2022\/09\/IMG-abf79b9da747b5d32a1dc17658c818fa-V-225x300.jpg\" alt=\"\u0421\u0430\u043c\u044b\u0435 \u043b\u0443\u0447\u0448\u0438\u0435 \u0448\u0443\u0431\u044b\" width=\"225\" height=\"300\" srcset=\"https:\/\/lux-blanuri.md\/wp-content\/uploads\/2022\/09\/IMG-abf79b9da747b5d32a1dc17658c818fa-V-225x300.jpg 225w, https:\/\/lux-blanuri.md\/wp-content\/uploads\/2022\/09\/IMG-abf79b9da747b5d32a1dc17658c818fa-V-jpg-600x800.webp 600w, https:\/\/lux-blanuri.md\/wp-content\/uploads\/2022\/09\/IMG-abf79b9da747b5d32a1dc17658c818fa-V-768x1024.jpg 768w, https:\/\/lux-blanuri.md\/wp-content\/uploads\/2022\/09\/IMG-abf79b9da747b5d32a1dc17658c818fa-V-jpg.webp 960w\" sizes=\"(max-width: 225px) 100vw, 225px\" \/> \u041b\u044e\u043a\u0441\u043e\u0432\u044b\u0435 \u0448\u0443\u0431\u044b \u0432 \u041a\u0438\u0448\u0438\u043d\u0435\u0432\u0435[\/caption]\n<p>&nbsp;<\/p>\n<p data-start=\"334\" data-end=\"405\"><strong data-start=\"334\" data-end=\"403\">\u0428\u0443\u0431\u0430 \u0438\u0437 \u043d\u043e\u0440\u043a\u0438 \u043f\u0440\u0435\u043c\u0438\u0443\u043c-\u043a\u043b\u0430\u0441\u0441\u0430 \u2014 \u0432\u043e\u043f\u043b\u043e\u0449\u0435\u043d\u0438\u0435 \u0440\u043e\u0441\u043a\u043e\u0448\u0438 \u0438 \u0438\u0437\u044b\u0441\u043a\u0430\u043d\u043d\u043e\u0441\u0442\u0438.<\/strong><\/p>\n<p data-start=\"411\" data-end=\"658\">\u0418\u0437\u0433\u043e\u0442\u043e\u0432\u043b\u0435\u043d\u0430 \u043d\u0430 \u043e\u0434\u043d\u043e\u0439 \u0438\u0437 \u043b\u0443\u0447\u0448\u0438\u0445 \u0444\u0430\u0431\u0440\u0438\u043a \u0413\u0440\u0435\u0446\u0438\u0438, \u0433\u0434\u0435 \u043a\u0430\u0436\u0434\u043e\u0435 \u0438\u0437\u0434\u0435\u043b\u0438\u0435 \u0441\u043e\u0437\u0434\u0430\u0451\u0442\u0441\u044f \u0432\u0440\u0443\u0447\u043d\u0443\u044e \u043c\u0430\u0441\u0442\u0435\u0440\u0430\u043c\u0438 \u0441 \u043c\u043d\u043e\u0433\u043e\u043b\u0435\u0442\u043d\u0438\u043c \u043e\u043f\u044b\u0442\u043e\u043c. \u0418\u0441\u043f\u043e\u043b\u044c\u0437\u0443\u0435\u0442\u0441\u044f \u0438\u0441\u043a\u043b\u044e\u0447\u0438\u0442\u0435\u043b\u044c\u043d\u043e <strong data-start=\"553\" data-end=\"587\">\u043d\u043e\u0440\u043a\u0430 \u0441\u0430\u043c\u043e\u0433\u043e \u0432\u044b\u0441\u043e\u043a\u043e\u0433\u043e \u043a\u0430\u0447\u0435\u0441\u0442\u0432\u0430<\/strong>, \u043e\u0431\u043b\u0430\u0434\u0430\u044e\u0449\u0430\u044f \u0431\u0435\u0437\u0443\u043f\u0440\u0435\u0447\u043d\u044b\u043c \u0431\u043b\u0435\u0441\u043a\u043e\u043c, \u043c\u044f\u0433\u043a\u043e\u0441\u0442\u044c\u044e \u0438 \u0443\u0434\u0438\u0432\u0438\u0442\u0435\u043b\u044c\u043d\u043e\u0439 \u043b\u0451\u0433\u043a\u043e\u0441\u0442\u044c\u044e.<\/p>\n<p data-start=\"664\" data-end=\"729\"><strong data-start=\"664\" data-end=\"727\">\u042d\u0442\u0430 \u0448\u0443\u0431\u0430 \u2014 \u0441\u0438\u043c\u0432\u043e\u043b \u0441\u0442\u0438\u043b\u044f, \u044d\u043b\u0435\u0433\u0430\u043d\u0442\u043d\u043e\u0441\u0442\u0438 \u0438 \u0443\u0432\u0435\u0440\u0435\u043d\u043d\u043e\u0441\u0442\u0438 \u0432 \u0441\u0435\u0431\u0435.<\/strong><\/p>\n<p data-start=\"735\" data-end=\"875\">\u0414\u043e\u0441\u0442\u0443\u043f\u043d\u0430 \u0432 \u0440\u0430\u0437\u043c\u0435\u0440\u0430\u0445 <strong data-start=\"755\" data-end=\"764\">46\u201350<\/strong>, \u0432 \u043d\u0430\u043b\u0438\u0447\u0438\u0438 \u0432 <strong data-start=\"778\" data-end=\"790\">\u041a\u0438\u0448\u0438\u043d\u0451\u0432\u0435<\/strong>. \u041a\u043e\u043b\u0438\u0447\u0435\u0441\u0442\u0432\u043e \u043e\u0433\u0440\u0430\u043d\u0438\u0447\u0435\u043d\u043e \u2014 \u043a\u0430\u0436\u0434\u0430\u044f \u043c\u043e\u0434\u0435\u043b\u044c \u0443\u043d\u0438\u043a\u0430\u043b\u044c\u043d\u0430 \u0438 \u0434\u043e\u0441\u0442\u0443\u043f\u043d\u0430 \u0432 \u043e\u0433\u0440\u0430\u043d\u0438\u0447\u0435\u043d\u043d\u043e\u043c \u0442\u0438\u0440\u0430\u0436\u0435.<\/p>\n<p data-start=\"881\" data-end=\"985\">\u0414\u043b\u0438\u043d\u0430 \u0438\u0437\u0434\u0435\u043b\u0438\u0439 \u2014 <strong data-start=\"897\" data-end=\"916\">60, 80 \u0438 105 \u0441\u043c<\/strong>.<br data-start=\"917\" data-end=\"920\" \/>\u0423\u043a\u0430\u0437\u0430\u043d\u043d\u0430\u044f \u0446\u0435\u043d\u0430 \u2014 \u0434\u043b\u044f \u0448\u0443\u0431\u044b <strong data-start=\"948\" data-end=\"962\">\u0440\u0430\u0437\u043c\u0435\u0440\u0430 46<\/strong> \u043f\u0440\u0438 \u0434\u043b\u0438\u043d\u0435 <strong data-start=\"973\" data-end=\"982\">80 \u0441\u043c<\/strong>.<\/p>\n<p data-start=\"991\" data-end=\"1109\">\u041f\u043e \u0438\u043d\u0434\u0438\u0432\u0438\u0434\u0443\u0430\u043b\u044c\u043d\u044b\u043c \u043c\u0435\u0440\u043a\u0430\u043c \u0432\u043e\u0437\u043c\u043e\u0436\u0435\u043d <strong data-start=\"1025\" data-end=\"1047\">\u043f\u0435\u0440\u0441\u043e\u043d\u0430\u043b\u044c\u043d\u044b\u0439 \u0437\u0430\u043a\u0430\u0437<\/strong> \u2014 \u0438\u0437\u0433\u043e\u0442\u043e\u0432\u043b\u0435\u043d\u0438\u0435 \u0437\u0430\u043d\u0438\u043c\u0430\u0435\u0442 \u0432\u0441\u0435\u0433\u043e <strong data-start=\"1078\" data-end=\"1097\">10 \u0440\u0430\u0431\u043e\u0447\u0438\u0445 \u0434\u043d\u0435\u0439<\/strong> \u0432 \u0413\u0440\u0435\u0446\u0438\u0438.<\/p>\n<p data-start=\"1115\" data-end=\"1194\">\u041a\u0430\u0436\u0434\u0430\u044f \u0448\u0443\u0431\u0430 \u043f\u0440\u043e\u0445\u043e\u0434\u0438\u0442 \u043a\u043e\u043d\u0442\u0440\u043e\u043b\u044c \u043a\u0430\u0447\u0435\u0441\u0442\u0432\u0430 \u0438 \u0441\u043e\u043f\u0440\u043e\u0432\u043e\u0436\u0434\u0430\u0435\u0442\u0441\u044f <strong data-start=\"1171\" data-end=\"1191\">\u0433\u0430\u0440\u0430\u043d\u0442\u0438\u0435\u0439 10 \u043b\u0435\u0442<\/strong>.<\/p>\n<p data-start=\"1200\" data-end=\"1311\">\ud83d\udc8e \u041f\u043e\u0447\u0443\u0432\u0441\u0442\u0432\u0443\u0439\u0442\u0435 \u043f\u0440\u0438\u043a\u043e\u0441\u043d\u043e\u0432\u0435\u043d\u0438\u0435 \u043d\u0430\u0441\u0442\u043e\u044f\u0449\u0435\u0433\u043e \u0441\u043e\u0432\u0435\u0440\u0448\u0435\u043d\u0441\u0442\u0432\u0430.<br data-start=\"1254\" data-end=\"1257\" \/>\u0420\u043e\u0441\u043a\u043e\u0448\u044c, \u043a\u043e\u0442\u043e\u0440\u0443\u044e \u0432\u0438\u0434\u043d\u043e. \u041a\u0430\u0447\u0435\u0441\u0442\u0432\u043e, \u043a\u043e\u0442\u043e\u0440\u043e\u0435 \u043e\u0449\u0443\u0449\u0430\u0435\u0442\u0441\u044f.<\/p>\n<p data-start=\"1181\" data-end=\"1262\"><strong data-start=\"1181\" data-end=\"1260\">Hain\u0103 de blan\u0103 din nurc\u0103 premium \u2014 simbolul elegan\u021bei \u0219i al rafinamentului.<\/strong><\/p>\n<p data-start=\"1268\" data-end=\"1480\">Confec\u021bionat\u0103 manual \u00een una dintre cele mai renumite fabrici de bl\u0103nuri din <strong data-start=\"1344\" data-end=\"1354\">Grecia<\/strong>, de mae\u0219tri cu experien\u021b\u0103, din <strong data-start=\"1386\" data-end=\"1431\">blan\u0103 de nurc\u0103 de cea mai \u00eenalt\u0103 calitate<\/strong>, cu luciu natural, fine\u021be \u0219i o textur\u0103 u\u0219oar\u0103.<\/p>\n<p data-start=\"1486\" data-end=\"1590\">Aceast\u0103 hain\u0103 nu este doar o pies\u0103 vestimentar\u0103, ci o <strong data-start=\"1540\" data-end=\"1587\">declara\u021bie de stil, \u00eencredere \u0219i feminitate<\/strong>.<\/p>\n<p data-start=\"1596\" data-end=\"1789\">Disponibil\u0103 \u00een m\u0103rimile <strong data-start=\"1620\" data-end=\"1629\">46\u201350<\/strong>, \u00een <strong data-start=\"1634\" data-end=\"1646\">Chi\u0219in\u0103u<\/strong>. Cantitate limitat\u0103.<br data-start=\"1667\" data-end=\"1670\" \/>Lungimi disponibile \u2014 <strong data-start=\"1694\" data-end=\"1720\">60 cm, 80 cm \u0219i 105 cm<\/strong>.<br data-start=\"1721\" data-end=\"1724\" \/>Pre\u021bul este indicat pentru <strong data-start=\"1753\" data-end=\"1767\">m\u0103rimea 46<\/strong>, lungime <strong data-start=\"1777\" data-end=\"1786\">80 cm<\/strong>.<\/p>\n<p data-start=\"1795\" data-end=\"1898\">La comand\u0103, putem realiza haina <strong data-start=\"1827\" data-end=\"1849\">dup\u0103 m\u0103surile dvs.<\/strong>, \u00een termen de <strong data-start=\"1864\" data-end=\"1886\">10 zile lucr\u0103toare<\/strong> (Grecia).<\/p>\n<p data-start=\"1904\" data-end=\"1960\">Fiecare hain\u0103 beneficiaz\u0103 de o <strong data-start=\"1935\" data-end=\"1957\">garan\u021bie de 10 ani<\/strong>.<\/p>\n<p data-start=\"1966\" data-end=\"2073\">\ud83d\udc8e Sim\u021bi\u021bi atingerea luxului autentic.<br data-start=\"2004\" data-end=\"2007\" \/>Nu este doar o blan\u0103 \u2014 este o oper\u0103 de art\u0103 creat\u0103 pentru dvs<\/p>\n<p data-start=\"2120\" data-end=\"2185\"><strong data-start=\"2120\" data-end=\"2183\">Premium Mink Fur Coat \u2014 the essence of elegance and luxury.<\/strong><\/p>\n<p data-start=\"2191\" data-end=\"2401\">Handcrafted at one of the finest <strong data-start=\"2224\" data-end=\"2250\">fur ateliers in Greece<\/strong>, each coat is made by expert artisans using only <strong data-start=\"2300\" data-end=\"2330\">the highest-grade mink fur<\/strong>, known for its natural shine, softness, and extraordinary lightness.<\/p>\n<p data-start=\"2407\" data-end=\"2516\">This coat is more than a garment \u2014 it\u2019s a <strong data-start=\"2449\" data-end=\"2513\">statement of confidence, sophistication, and timeless beauty<\/strong>.<\/p>\n<p data-start=\"2522\" data-end=\"2691\">Available in sizes <strong data-start=\"2541\" data-end=\"2550\">46\u201350<\/strong>, in <strong data-start=\"2555\" data-end=\"2567\">Chi\u0219in\u0103u<\/strong> (limited stock).<br data-start=\"2584\" data-end=\"2587\" \/>Available lengths \u2014 <strong data-start=\"2609\" data-end=\"2637\">60 cm, 80 cm, and 105 cm<\/strong>.<br data-start=\"2638\" data-end=\"2641\" \/>Price shown for <strong data-start=\"2659\" data-end=\"2670\">size 46<\/strong>, <strong data-start=\"2672\" data-end=\"2681\">80 cm<\/strong> length.<\/p>\n<p data-start=\"2697\" data-end=\"2811\">Custom orders are available <strong data-start=\"2725\" data-end=\"2755\">to your exact measurements<\/strong>, with a <strong data-start=\"2764\" data-end=\"2799\">10-business-day production time<\/strong> (Greece).<\/p>\n<p data-start=\"2817\" data-end=\"2861\">Each coat includes a <strong data-start=\"2838\" data-end=\"2858\">10-year warranty<\/strong>.<\/p>\n<p data-start=\"2867\" data-end=\"2956\">\ud83d\udc8e Feel the touch of true luxury.<br data-start=\"2900\" data-end=\"2903\" \/>This is not just fur \u2014 it\u2019s art, created for you.<\/p>\n","protected":false},"featured_media":157,"comment_status":"open","ping_status":"closed","template":"","meta":[],"product_brand":[125,124],"product_cat":[15,27],"product_tag":[41,43,25,24,31,32,23,40],"class_list":{"0":"post-167","1":"product","2":"type-product","3":"status-publish","4":"has-post-thumbnail","6":"product_brand-mousios-furs","7":"product_brand-124","8":"product_cat-misc","9":"product_cat-27","10":"product_tag-41","11":"product_tag-43","12":"product_tag-25","13":"product_tag-24","14":"product_tag-31","15":"product_tag-32","16":"product_tag-23","17":"product_tag-40","19":"first","20":"instock","21":"shipping-taxable","22":"purchasable","23":"product-type-simple"},"_links":{"self":[{"href":"https:\/\/lux-blanuri.md\/index.php?rest_route=\/wp\/v2\/product\/167","targetHints":{"allow":["GET"]}}],"collection":[{"href":"https:\/\/lux-blanuri.md\/index.php?rest_route=\/wp\/v2\/product"}],"about":[{"href":"https:\/\/lux-blanuri.md\/index.php?rest_route=\/wp\/v2\/types\/product"}],"replies":[{"embeddable":true,"href":"https:\/\/lux-blanuri.md\/index.php?rest_route=%2Fwp%2Fv2%2Fcomments&post=167"}],"wp:featuredmedia":[{"embeddable":true,"href":"https:\/\/lux-blanuri.md\/index.php?rest_route=\/wp\/v2\/media\/157"}],"wp:attachment":[{"href":"https:\/\/lux-blanuri.md\/index.php?rest_route=%2Fwp%2Fv2%2Fmedia&parent=167"}],"wp:term":[{"taxonomy":"product_brand","embeddable":true,"href":"https:\/\/lux-blanuri.md\/index.php?rest_route=%2Fwp%2Fv2%2Fproduct_brand&post=167"},{"taxonomy":"product_cat","embeddable":true,"href":"https:\/\/lux-blanuri.md\/index.php?rest_route=%2Fwp%2Fv2%2Fproduct_cat&post=167"},{"taxonomy":"product_tag","embeddable":true,"href":"https:\/\/lux-blanuri.md\/index.php?rest_route=%2Fwp%2Fv2%2Fproduct_tag&post=167"}],"curies":[{"name":"wp","href":"https:\/\/api.w.org\/{rel}","templated":true}]}}