{"id":549,"date":"2025-10-23T11:20:33","date_gmt":"2025-10-23T11:20:33","guid":{"rendered":"https:\/\/lux-blanuri.md\/?post_type=product&#038;p=549"},"modified":"2025-10-30T08:06:35","modified_gmt":"2025-10-30T08:06:35","slug":"%d0%bf%d1%80%d0%be%d0%b4%d0%b0%d0%b6%d0%b0-%d0%bb%d1%8e%d0%ba%d1%81%d0%be%d0%b2%d1%8b%d1%85-%d1%88%d1%83%d0%b1-%d0%b2-%d0%ba%d0%b8%d1%88%d0%b8%d0%bd%d0%b5%d0%b2%d0%b5-7","status":"publish","type":"product","link":"https:\/\/lux-blanuri.md\/?product=%d0%bf%d1%80%d0%be%d0%b4%d0%b0%d0%b6%d0%b0-%d0%bb%d1%8e%d0%ba%d1%81%d0%be%d0%b2%d1%8b%d1%85-%d1%88%d1%83%d0%b1-%d0%b2-%d0%ba%d0%b8%d1%88%d0%b8%d0%bd%d0%b5%d0%b2%d0%b5-7","title":{"rendered":"\u041f\u0440\u043e\u0434\u0430\u0436\u0430 \u043b\u044e\u043a\u0441\u043e\u0432\u044b\u0445 \u0448\u0443\u0431 \u0432 \u041a\u0438\u0448\u0438\u043d\u0435\u0432\u0435."},"content":{"rendered":"<p>\u0428\u0443\u0431\u044b \u043f\u0440\u0435\u043c\u0438\u0443\u043c \u043a\u0430\u0447\u0435\u0441\u0442\u0432\u0430<\/p>\n<figure id=\"attachment_548\" aria-describedby=\"caption-attachment-548\" style=\"width: 150px\" class=\"wp-caption alignleft\"><img decoding=\"async\" class=\"size-thumbnail wp-image-548\" src=\"https:\/\/lux-blanuri.md\/wp-content\/uploads\/2025\/10\/a1-150x150.jpg\" alt=\"Mousios Furs \/ Mousios Fur Fashion (\u0413\u0440\u0435\u0446\u0438\u044f, \u041a\u0430\u0441\u0442\u043e\u0440\u0438\u044f)\" width=\"150\" height=\"150\" srcset=\"https:\/\/lux-blanuri.md\/wp-content\/uploads\/2025\/10\/a1-150x150.jpg 150w, https:\/\/lux-blanuri.md\/wp-content\/uploads\/2025\/10\/a1-300x300.jpg 300w, https:\/\/lux-blanuri.md\/wp-content\/uploads\/2025\/10\/a1-100x100.jpg 100w\" sizes=\"(max-width: 150px) 100vw, 150px\" \/><figcaption id=\"caption-attachment-548\" class=\"wp-caption-text\">Mousios Furs \/ Mousios Fur Fashion (\u0413\u0440\u0435\u0446\u0438\u044f, \u041a\u0430\u0441\u0442\u043e\u0440\u0438\u044f)<\/figcaption><\/figure>\n<h3 data-start=\"1565\" data-end=\"1629\"><strong data-start=\"1572\" data-end=\"1629\">Mousios Furs \/ Mousios Fur Fashion (\u0413\u0440\u0435\u0446\u0438\u044f, \u041a\u0430\u0441\u0442\u043e\u0440\u0438\u044f)<\/strong><\/h3>\n<ul data-start=\"1630\" data-end=\"2269\">\n<li data-start=\"1630\" data-end=\"1695\">\n<p data-start=\"1632\" data-end=\"1695\">\u041e\u0434\u0438\u043d \u0438\u0437 <strong data-start=\"1640\" data-end=\"1685\">\u0441\u0442\u0430\u0440\u0435\u0439\u0448\u0438\u0445 \u0438 \u0441\u0430\u043c\u044b\u0445 \u0443\u0432\u0430\u0436\u0430\u0435\u043c\u044b\u0445 \u043c\u0435\u0445\u043e\u0432\u044b\u0445 \u0434\u043e\u043c\u043e\u0432<\/strong> \u0413\u0440\u0435\u0446\u0438\u0438.<\/p>\n<\/li>\n<li data-start=\"1696\" data-end=\"1798\">\n<p data-start=\"1698\" data-end=\"1798\">\u0421\u0435\u043c\u0435\u0439\u043d\u043e\u0435 \u043f\u0440\u0435\u0434\u043f\u0440\u0438\u044f\u0442\u0438\u0435 \u0441 <strong data-start=\"1721\" data-end=\"1753\">\u0431\u043e\u043b\u0435\u0435 \u0447\u0435\u043c 50-\u043b\u0435\u0442\u043d\u0435\u0439 \u0438\u0441\u0442\u043e\u0440\u0438\u0435\u0439<\/strong>, \u043f\u0440\u0438\u0437\u043d\u0430\u043d\u043d\u043e\u0435 \u0432 \u0415\u0432\u0440\u043e\u043f\u0435 \u0438 \u043d\u0430 \u0411\u043b\u0438\u0436\u043d\u0435\u043c \u0412\u043e\u0441\u0442\u043e\u043a\u0435.<\/p>\n<\/li>\n<li data-start=\"1799\" data-end=\"1905\">\n<p data-start=\"1801\" data-end=\"1905\">\u041f\u0440\u043e\u0438\u0437\u0432\u043e\u0434\u0438\u0442 \u0438\u0437\u0434\u0435\u043b\u0438\u044f \u043f\u043e\u0434 \u0441\u043e\u0431\u0441\u0442\u0432\u0435\u043d\u043d\u044b\u043c \u0431\u0440\u0435\u043d\u0434\u043e\u043c, \u0430 \u0442\u0430\u043a\u0436\u0435 \u0434\u043b\u044f \u0431\u0443\u0442\u0438\u043a\u043e\u0432 \u0432 \u0418\u0442\u0430\u043b\u0438\u0438, \u0413\u0435\u0440\u043c\u0430\u043d\u0438\u0438, \u041e\u0410\u042d \u0438 \u042e\u0436\u043d\u043e\u0439 \u041a\u043e\u0440\u0435\u0435.<\/p>\n<\/li>\n<li data-start=\"1906\" data-end=\"2004\">\n<p data-start=\"1908\" data-end=\"2004\">\u0412\u0441\u044f \u043f\u0440\u043e\u0434\u0443\u043a\u0446\u0438\u044f \u2014 <strong data-start=\"1924\" data-end=\"1941\">\u0440\u0443\u0447\u043d\u043e\u0439 \u0440\u0430\u0431\u043e\u0442\u044b<\/strong>, \u0441 \u043e\u0441\u043e\u0431\u044b\u043c \u0432\u043d\u0438\u043c\u0430\u043d\u0438\u0435\u043c \u043a \u0441\u0438\u043c\u043c\u0435\u0442\u0440\u0438\u0438 \u043c\u0435\u0445\u0430 \u0438 \u043b\u0451\u0433\u043a\u043e\u0441\u0442\u0438 \u043a\u043e\u043d\u0441\u0442\u0440\u0443\u043a\u0446\u0438\u0438.<\/p>\n<\/li>\n<li data-start=\"2005\" data-end=\"2119\">\n<p data-start=\"2007\" data-end=\"2119\">\u041c\u0435\u0445\u0430 \u0438\u0441\u043f\u043e\u043b\u044c\u0437\u0443\u044e\u0442\u0441\u044f \u0442\u043e\u043b\u044c\u043a\u043e \u043e\u0442 <strong data-start=\"2035\" data-end=\"2071\">SAGA Furs, Kopenhagen Fur \u0438 NAFA<\/strong> \u2014<br data-start=\"2073\" data-end=\"2076\" \/><em data-start=\"2078\" data-end=\"2116\">\u0442\u043e\u043b\u044c\u043a\u043e \u0432\u0435\u0440\u0445\u043d\u0438\u0435 \u043a\u0430\u0442\u0435\u0433\u043e\u0440\u0438\u0438 (\u201cTop Lot\u201d)<\/em>.<\/p>\n<\/li>\n<li data-start=\"2120\" data-end=\"2269\">\n<p data-start=\"2122\" data-end=\"2269\">\u041a\u043e\u043b\u043b\u0435\u043a\u0446\u0438\u0438 \u0440\u0435\u0433\u0443\u043b\u044f\u0440\u043d\u043e \u0443\u0447\u0430\u0441\u0442\u0432\u0443\u044e\u0442 \u0432 <strong data-start=\"2154\" data-end=\"2189\">Kastoria International Fur Fair<\/strong>,<br data-start=\"2190\" data-end=\"2193\" \/>\u0433\u0434\u0435 Mousios \u0447\u0430\u0441\u0442\u043e \u043e\u0442\u043c\u0435\u0447\u0430\u044e\u0442 \u0437\u0430 <strong data-start=\"2225\" data-end=\"2268\">\u0438\u043d\u043d\u043e\u0432\u0430\u0446\u0438\u0438 \u0432 \u0434\u0438\u0437\u0430\u0439\u043d\u0435 \u0438 \u0431\u0435\u0437\u0443\u043f\u0440\u0435\u0447\u043d\u044b\u0439 \u043f\u043e\u0448\u0438\u0432<\/strong>.<\/p>\n<\/li>\n<\/ul>\n<p data-start=\"2271\" data-end=\"2297\"><strong data-start=\"2271\" data-end=\"2295\">\u041e\u0442\u043b\u0438\u0447\u0438\u0442\u0435\u043b\u044c\u043d\u044b\u0435 \u0447\u0435\u0440\u0442\u044b:<\/strong><\/p>\n<ul data-start=\"2298\" data-end=\"2627\">\n<li data-start=\"2298\" data-end=\"2350\">\n<p data-start=\"2300\" data-end=\"2350\">\u0410\u0431\u0441\u043e\u043b\u044e\u0442\u043d\u043e \u0440\u043e\u0432\u043d\u044b\u0435 \u043b\u0438\u043d\u0438\u0438 \u0441\u0442\u044b\u043a\u043e\u0432 \u2014 \u201c\u043d\u0435\u0432\u0438\u0434\u0438\u043c\u044b\u0435 \u0448\u0432\u044b\u201d.<\/p>\n<\/li>\n<li data-start=\"2351\" data-end=\"2441\">\n<p data-start=\"2353\" data-end=\"2441\">\u0427\u0430\u0441\u0442\u043e \u043f\u0440\u0438\u043c\u0435\u043d\u044f\u044e\u0442\u0441\u044f \u0434\u0438\u0437\u0430\u0439\u043d\u0435\u0440\u0441\u043a\u0438\u0435 \u0432\u0441\u0442\u0430\u0432\u043a\u0438: \u0441\u043e\u0431\u043e\u043b\u044c, \u0448\u0438\u043d\u0448\u0438\u043b\u043b\u0430, \u043b\u0438\u0441\u0430, \u043d\u043e \u0432 \u0431\u0430\u043b\u0430\u043d\u0441\u0435 \u0441 \u043d\u043e\u0440\u043a\u043e\u0439.<\/p>\n<\/li>\n<li data-start=\"2442\" data-end=\"2530\">\n<p data-start=\"2444\" data-end=\"2530\">\u041e\u0447\u0435\u043d\u044c \u043b\u0451\u0433\u043a\u0438\u0435 \u0438\u0437\u0434\u0435\u043b\u0438\u044f: \u0437\u0430 \u0441\u0447\u0451\u0442 \u043c\u0438\u043d\u0438\u043c\u0430\u043b\u044c\u043d\u043e\u0439 \u043f\u043b\u043e\u0442\u043d\u043e\u0441\u0442\u0438 \u043f\u043e\u0434\u043a\u043b\u0430\u0434\u043e\u0432 \u0438 \u0442\u043e\u0447\u043d\u043e\u0439 \u043d\u0430\u0440\u0435\u0437\u043a\u0438 \u043c\u0435\u0445\u0430.<\/p>\n<\/li>\n<li data-start=\"2531\" data-end=\"2627\">\n<p data-start=\"2533\" data-end=\"2627\">\u0421\u0447\u0438\u0442\u0430\u0435\u0442\u0441\u044f <strong data-start=\"2543\" data-end=\"2582\">\u044d\u0442\u0430\u043b\u043e\u043d\u043e\u043c \u0433\u0440\u0435\u0447\u0435\u0441\u043a\u043e\u0433\u043e \u043c\u0435\u0445\u043e\u0432\u043e\u0433\u043e \u043f\u043e\u0448\u0438\u0432\u0430<\/strong> (\u043d\u0430\u0440\u044f\u0434\u0443 \u0441 Christos Furs \u0438 Parthenis Furs).<\/p>\n<\/li>\n<\/ul>\n<p>\u041d\u0435 \u0441\u0435\u043a\u0440\u0435\u0442, \u0447\u0442\u043e \u043b\u0443\u0447\u0448\u0438\u0435 \u0448\u0443\u0431\u044b \u0434\u0435\u043b\u0430\u044e\u0442 \u0432 \u043e\u0447\u0435\u043d\u044c \u0433\u043e\u0440\u044f\u0447\u0438\u0445 \u0441\u0442\u0440\u0430\u043d\u0430\u0445, \u0433\u0434\u0435 \u0438 \u043c\u0435\u0445\u0430 \u0442\u043e \u043e\u0441\u043e\u0431\u043e \u043d\u0435 \u043d\u0430\u0439\u0442\u0438. \u0413\u0440\u0435\u0446\u0438\u044f \u2013 \u043b\u0443\u0447\u0448\u0438\u0439 \u0442\u043e\u043c\u0443 \u043f\u0440\u0438\u043c\u0435\u0440. \u0413\u0440\u0435\u0447\u0435\u0441\u043a\u0438\u0435 \u0432\u043b\u0430\u0434\u0435\u043b\u044c\u0446\u044b \u043f\u043e\u043a\u0443\u043f\u0430\u044e\u0442 \u0440\u043e\u0441\u0441\u0438\u0439\u0441\u043a\u0438\u0439, \u0441\u043a\u0430\u043d\u0434\u0438\u043d\u0430\u0432\u0441\u043a\u0438\u0439, \u0430\u043c\u0435\u0440\u0438\u043a\u0430\u043d\u0441\u043a\u0438\u0439 \u043c\u0435\u0445 \u043d\u0430 \u043c\u0438\u0440\u043e\u0432\u044b\u0445 \u043f\u0443\u0448\u043d\u044b\u0445 \u0430\u0443\u043a\u0446\u0438\u043e\u043d\u0430\u0445\u00a0 \u0438 \u0434\u0435\u043b\u0430\u044e\u0442 \u0438\u0437 \u043d\u0435\u0433\u043e \u043d\u0430\u0441\u0442\u043e\u044f\u0449\u0438\u0435 \u0448\u0435\u0434\u0435\u0432\u0440\u044b, \u0434\u043e\u0441\u0442\u043e\u0439\u043d\u044b\u0435 \u043a\u043e\u0440\u043e\u043b\u0435\u0439. \u0418\u0445 \u0434\u0430\u0436\u0435 \u0441\u043e\u0432\u0441\u0435\u043c \u043d\u0435 \u0441\u043c\u0443\u0449\u0430\u0435\u0442 \u0442\u043e, \u0447\u0442\u043e \u0432 \u0433\u0430\u0440\u0434\u0435\u0440\u043e\u0431\u0435 \u043c\u0435\u0441\u0442\u043d\u044b\u0445 \u0433\u0440\u0435\u0447\u0435\u0441\u043a\u0438\u0445 \u043a\u0440\u0430\u0441\u043e\u0442\u043e\u043a \u043d\u0435\u0442 \u043f\u0440\u0430\u043a\u0442\u0438\u0447\u0435\u0441\u043a\u0438 \u043d\u0438\u043a\u0430\u043a\u0438\u0445 \u0448\u0443\u0431, \u043f\u043e\u0442\u043e\u043c\u0443 \u0447\u0442\u043e \u0438\u0445 \u043f\u0440\u043e\u0441\u0442\u043e \u043d\u0435\u0432\u043e\u0437\u043c\u043e\u0436\u043d\u043e \u043d\u043e\u0441\u0438\u0442\u044c \u0432 \u0413\u0440\u0435\u0446\u0438\u0438, \u0433\u0434\u0435 \u0432\u0441\u044e \u0437\u0438\u043c\u0443 \u0441\u0442\u043e\u0438\u0442 \u043f\u043b\u044e\u0441\u043e\u0432\u0430\u044f \u0442\u0435\u043c\u043f\u0435\u0440\u0430\u0442\u0443\u0440\u0430. \u0422\u0435\u043c \u043d\u0435 \u043c\u0435\u043d\u0435\u0435, \u0441\u043a\u043e\u0440\u043d\u044f\u043a\u0438 \u041a\u0430\u0441\u0442\u043e\u0440\u0438\u0438 (\u043d\u0435\u0431\u043e\u043b\u044c\u0448\u043e\u0439 \u0433\u043e\u0440\u043e\u0434 \u043d\u0430 \u0441\u0435\u0432\u0435\u0440\u043e-\u0437\u0430\u043f\u0430\u0434\u0435 \u0413\u0440\u0435\u0446\u0438\u0438 \u0441 \u043d\u0430\u0441\u0435\u043b\u0435\u043d\u0438\u0435\u043c 17 \u0442\u044b\u0441\u044f\u0447 \u0447\u0435\u043b\u043e\u0432\u0435\u043a, \u0438\u043c\u0435\u044e\u0449\u0438\u0439 \u0431\u043e\u043b\u044c\u0448\u0435 \u043f\u044f\u0442\u0438\u0441\u043e\u0442 \u0444\u0430\u0431\u0440\u0438\u043a, \u043f\u0440\u043e\u0438\u0437\u0432\u043e\u0434\u044f\u0449\u0438\u0445 \u0448\u0443\u0431\u044b), \u0438\u043c\u0435\u044e\u0442 \u0431\u043e\u043b\u0435\u0435 \u0447\u0435\u043c \u0441\u0442\u043e\u043b\u0435\u0442\u043d\u0438\u0439 \u043e\u043f\u044b\u0442 \u0448\u0438\u0442\u044c\u044f \u043f\u043e\u0447\u0442\u0438 \u0432\u0440\u0443\u0447\u043d\u0443\u044e, \u0438 \u043e\u043d\u0438 \u0441\u043e\u0437\u0434\u0430\u044e\u0442 \u043b\u0443\u0447\u0448\u0438\u0435 \u0448\u0443\u0431\u044b \u0432 \u043c\u0438\u0440\u0435. \u041c\u0430\u0441\u0442\u0435\u0440\u0430 \u043b\u0435\u043b\u0435\u044e\u0442 \u0432\u0435\u043a\u043e\u0432\u044b\u0435 \u0441\u0435\u043c\u0435\u0439\u043d\u044b\u0435 \u0442\u0430\u0439\u043d\u044b \u0448\u0438\u0442\u044c\u044f. \u0412\u043b\u0430\u0434\u0435\u043b\u044c\u0446\u044b \u043e\u0433\u0440\u043e\u043c\u043d\u044b\u0445 \u0444\u0430\u0431\u0440\u0438\u043a \u0441 \u043c\u043d\u043e\u0433\u043e\u043c\u0438\u043b\u043b\u0438\u043e\u043d\u043d\u044b\u043c \u0433\u043e\u0434\u043e\u0432\u044b\u043c \u043e\u0431\u043e\u0440\u043e\u0442\u043e\u043c, \u043b\u0438\u0447\u043d\u043e \u0432\u043e\u0432\u043b\u0435\u0447\u0435\u043d\u044b \u0432\u043e \u0432\u0441\u0435 \u043f\u0440\u043e\u0438\u0437\u0432\u043e\u0434\u0441\u0442\u0432\u043e. \u0412 \u044d\u0442\u043e\u043c \u0438 \u0437\u0430\u043a\u043b\u044e\u0447\u0435\u043d\u0430 \u0442\u0430\u0439\u043d\u0430 \u0443\u043d\u0438\u043a\u0430\u043b\u044c\u043d\u044b\u0445 \u0448\u0443\u0431, \u043f\u0440\u043e\u0438\u0437\u0432\u0435\u0434\u0435\u043d\u043d\u044b\u0445 \u0432 \u041a\u0430\u0441\u0442\u043e\u0440\u0438\u0438. \u0415\u0441\u043b\u0438 \u0432\u0430\u0448\u0430 \u0448\u0443\u0431\u0430 \u0441\u0434\u0435\u043b\u0430\u043d\u0430 \u0432 \u0413\u0440\u0435\u0446\u0438\u0438 \u2013 \u044d\u0442\u043e \u0433\u0430\u0440\u0430\u043d\u0442\u0438\u044f \u0442\u043e\u0433\u043e, \u0447\u0442\u043e \u043e\u043d\u0430 \u0431\u0443\u0434\u0435\u0442 \u0441\u043b\u0443\u0436\u0438\u0442\u044c \u0432\u0430\u043c \u0432 \u0442\u0435\u0447\u0435\u043d\u0438\u0435 \u043c\u043d\u043e\u0433\u0438\u0445 \u0434\u0435\u0441\u044f\u0442\u0438\u043b\u0435\u0442\u0438\u0439.<\/p>\n<p>&nbsp;<\/p>\n<p>Nu este un secret pentru nimeni c\u0103 cele mai bune haine de blan\u0103 sunt f\u0103cute \u00een \u021b\u0103ri foarte fierbin\u021bi, unde nici m\u0103car nu g\u0103se\u0219ti blan\u0103. Grecia este cel mai bun exemplu \u00een acest sens. Proprietarii greci cump\u0103r\u0103 blan\u0103 ruseasc\u0103, scandinav\u0103, american\u0103 la licita\u021biile mondiale de blan\u0103 \u0219i fac din ea adev\u0103rate capodopere demne de regi. Nici m\u0103car nu sunt jena\u021bi de faptul c\u0103 practic nu exist\u0103 haine de blan\u0103 \u00een garderoba frumuse\u021bilor locale grece\u0219ti, pentru c\u0103 este pur \u0219i simplu imposibil s\u0103 le por\u021bi \u00een Grecia, unde temperatura este peste zero toat\u0103 iarna. Cu toate acestea, bl\u0103narii din Kastoria (un or\u0103\u0219el din nord-vestul Greciei, cu o popula\u021bie de 17.000 de locuitori \u0219i peste 500 de fabrici de bl\u0103nuri) au peste un secol de experien\u021b\u0103 aproape de cusut manual \u0219i creeaz\u0103 cele mai bune haine de blan\u0103 din lume. Mae\u0219trii pre\u021buiesc vechile secrete de familie ale cus\u0103turii. Proprietarii de fabrici uria\u0219e cu o cifr\u0103 de afaceri anual\u0103 de mai multe milioane de dolari sunt implica\u021bi personal \u00een toat\u0103 produc\u021bia. Acesta este secretul bl\u0103nurilor unice fabricate \u00een Kastoria. Dac\u0103 haina ta de blan\u0103 este f\u0103cut\u0103 \u00een Grecia, este o garan\u021bie c\u0103 \u00ee\u021bi va servi multe decenii.<\/p>\n<p>Po\u021bi cump\u0103ra aceast\u0103 hain\u0103 de blan\u0103 \u00een Moldova, la Chi\u0219in\u0103u<\/p>\n<figure id=\"attachment_548\" aria-describedby=\"caption-attachment-548\" style=\"width: 150px\" class=\"wp-caption alignright\"><img decoding=\"async\" class=\"size-thumbnail wp-image-548\" src=\"https:\/\/lux-blanuri.md\/wp-content\/uploads\/2025\/10\/a1-150x150.jpg\" alt=\"Mousios Furs \/ Mousios Fur Fashion (\u0413\u0440\u0435\u0446\u0438\u044f, \u041a\u0430\u0441\u0442\u043e\u0440\u0438\u044f)\" width=\"150\" height=\"150\" srcset=\"https:\/\/lux-blanuri.md\/wp-content\/uploads\/2025\/10\/a1-150x150.jpg 150w, https:\/\/lux-blanuri.md\/wp-content\/uploads\/2025\/10\/a1-300x300.jpg 300w, https:\/\/lux-blanuri.md\/wp-content\/uploads\/2025\/10\/a1-100x100.jpg 100w\" sizes=\"(max-width: 150px) 100vw, 150px\" \/><figcaption id=\"caption-attachment-548\" class=\"wp-caption-text\">Mousios Furs \/ Mousios Fur Fashion (\u0413\u0440\u0435\u0446\u0438\u044f, \u041a\u0430\u0441\u0442\u043e\u0440\u0438\u044f)<\/figcaption><\/figure>\n","protected":false},"excerpt":{"rendered":"[caption id=\"attachment_64\" align=\"alignright\" width=\"146\"]<img decoding=\"async\" class=\"wp-image-64 size-medium\" title=\"\u0413\u043e\u043b\u0443\u0431\u0430\u044f \u043d\u043e\u0440\u043a\u0430\" src=\"https:\/\/lux-blanuri.md\/wp-content\/uploads\/2022\/02\/IMG-7ec34988f0c16db0479ee6564b3d0b9a-V-146x300.jpg\" alt=\"\u0433\u043e\u043b\u0443\u0431\u0430\u044f \u043d\u043e\u0440\u043a\u0430\" width=\"146\" height=\"300\" srcset=\"https:\/\/lux-blanuri.md\/wp-content\/uploads\/2022\/02\/IMG-7ec34988f0c16db0479ee6564b3d0b9a-V-146x300.jpg 146w, https:\/\/lux-blanuri.md\/wp-content\/uploads\/2022\/02\/IMG-7ec34988f0c16db0479ee6564b3d0b9a-V-600x1235.jpg 600w, https:\/\/lux-blanuri.md\/wp-content\/uploads\/2022\/02\/IMG-7ec34988f0c16db0479ee6564b3d0b9a-V-498x1024.jpg 498w, https:\/\/lux-blanuri.md\/wp-content\/uploads\/2022\/02\/IMG-7ec34988f0c16db0479ee6564b3d0b9a-V-jpg.webp 622w\" sizes=\"(max-width: 146px) 100vw, 146px\" \/> \u0448\u0443\u0431\u044b \u044d\u043a\u0441\u0442\u0440\u0430 \u043a\u043b\u0430\u0441\u0441\u0430[\/caption]\n<p>\u0428\u0443\u0431\u0430 \u043d\u043e\u0432\u0430\u044f \u043f\u0440\u0435\u043c\u0438\u0443\u043c \u043a\u043b\u0430\u0441\u0441\u0430. \u041c\u0435\u0445 \u043d\u043e\u0440\u043a\u0430 \u0441\u0430\u043c\u043e\u0433\u043e \u0432\u044b\u0441\u043e\u043a\u043e\u0433\u043e \u043a\u0430\u0447\u0435\u0441\u0442\u0432\u0430. \u0426\u0432\u0435\u0442 \u043a\u043e\u043b\u043e\u0442\u044b\u0439 \u043b\u0435\u0434.<\/p>\n<p>\u0421\u0434\u0435\u043b\u0430\u043d\u043e \u043d\u0430 \u043e\u0434\u043d\u043e\u0439 \u0438\u0437 \u043b\u0443\u0447\u0448\u0438\u0445 \u0444\u0430\u0431\u0440\u0438\u043a \u0413\u0440\u0435\u0446\u0438\u0438.<\/p>\n<pre data-start=\"1565\" data-end=\"1629\">\u0411\u0440\u0435\u043d\u0434<strong data-start=\"1572\" data-end=\"1629\"> Mousios Furs \/ Mousios Fur Fashion (\u0413\u0440\u0435\u0446\u0438\u044f, \u041a\u0430\u0441\u0442\u043e\u0440\u0438\u044f)<\/strong><\/pre>\n<p>\u0420\u0430\u0437\u043c\u0435\u0440\u044b 48-52 \u0432 \u043d\u0430\u043b\u0438\u0447\u0438\u0438 \u0432 \u041a\u0438\u0448\u0438\u043d\u0435\u0432\u0435. \u0414\u043b\u0438\u043d\u0430 110 \u0441\u043c. \u041b\u044e\u0431\u044b\u0435 \u0434\u0440\u0443\u0433\u0438\u0435 \u0440\u0430\u0437\u043c\u0435\u0440\u044b \u043c\u043e\u0436\u043d\u043e \u0437\u0430\u043a\u0430\u0437\u0430\u0442\u044c. \u041e\u0431\u044b\u0447\u043d\u043e \u0441\u0440\u043e\u043a \u0432\u044b\u043f\u043e\u043b\u043d\u0435\u043d\u0438\u044f \u0437\u0430\u043a\u0430\u0437\u0430 10 \u0440\u0430\u0431\u043e\u0447\u0438\u0445 \u0434\u043d\u0435\u0439 \u0432 \u0413\u0440\u0435\u0446\u0438\u0438.<\/p>\n<p>\u0413\u0430\u0440\u0430\u043d\u0442\u0438\u044f 10 \u043b\u0435\u0442.<\/p>\n<p>\u041c\u043e\u0436\u043d\u043e \u043a\u0443\u043f\u0438\u0442\u044c \u0432 \u041a\u0438\u0448\u0438\u043d\u0435\u0432\u0435. \u0414\u0440\u0443\u0433\u0438\u0435 \u0440\u0430\u0437\u043c\u0435\u0440\u044b \u043f\u043e\u0434 \u0437\u0430\u043a\u0430\u0437. \u0418\u0437\u0433\u043e\u0442\u043e\u0432\u043b\u0435\u043d\u0438\u0435 \u0432 \u0442\u0435\u0447\u0435\u043d\u0438\u0438 10 \u0434\u043d\u0435\u0439.<\/p>\n","protected":false},"featured_media":548,"comment_status":"open","ping_status":"closed","template":"","meta":[],"product_brand":[123,124],"product_cat":[15,51,27],"product_tag":[59,58,57,128,127,126,131,129,130,25,24,31,32,23],"class_list":{"0":"post-549","1":"product","2":"type-product","3":"status-publish","4":"has-post-thumbnail","6":"product_brand-mousios-furs-mousios-fur-fashion-","7":"product_brand-124","8":"product_cat-misc","9":"product_cat-51","10":"product_cat-27","11":"product_tag-blanuri","12":"product_tag-blanuri-in-chisinau","13":"product_tag-blanuri-naturale","14":"product_tag-fur-fashion","15":"product_tag-mousios","16":"product_tag-mousios-furs","17":"product_tag-131","18":"product_tag-129","19":"product_tag-130","20":"product_tag-25","21":"product_tag-24","22":"product_tag-31","23":"product_tag-32","24":"product_tag-23","26":"first","27":"instock","28":"shipping-taxable","29":"purchasable","30":"product-type-simple"},"_links":{"self":[{"href":"https:\/\/lux-blanuri.md\/index.php?rest_route=\/wp\/v2\/product\/549","targetHints":{"allow":["GET"]}}],"collection":[{"href":"https:\/\/lux-blanuri.md\/index.php?rest_route=\/wp\/v2\/product"}],"about":[{"href":"https:\/\/lux-blanuri.md\/index.php?rest_route=\/wp\/v2\/types\/product"}],"replies":[{"embeddable":true,"href":"https:\/\/lux-blanuri.md\/index.php?rest_route=%2Fwp%2Fv2%2Fcomments&post=549"}],"wp:featuredmedia":[{"embeddable":true,"href":"https:\/\/lux-blanuri.md\/index.php?rest_route=\/wp\/v2\/media\/548"}],"wp:attachment":[{"href":"https:\/\/lux-blanuri.md\/index.php?rest_route=%2Fwp%2Fv2%2Fmedia&parent=549"}],"wp:term":[{"taxonomy":"product_brand","embeddable":true,"href":"https:\/\/lux-blanuri.md\/index.php?rest_route=%2Fwp%2Fv2%2Fproduct_brand&post=549"},{"taxonomy":"product_cat","embeddable":true,"href":"https:\/\/lux-blanuri.md\/index.php?rest_route=%2Fwp%2Fv2%2Fproduct_cat&post=549"},{"taxonomy":"product_tag","embeddable":true,"href":"https:\/\/lux-blanuri.md\/index.php?rest_route=%2Fwp%2Fv2%2Fproduct_tag&post=549"}],"curies":[{"name":"wp","href":"https:\/\/api.w.org\/{rel}","templated":true}]}}